*w. Suppose -179 = -b - m, n = 3*b - 3*m + 23 - 584. List the prime factors of b.
3, 61
Let w(f) be the first derivative of f**3/3 + f**2/2 + f + 6. Let y(j) = 4*j**2 - 20*j + 17. Let c(t) = 3*w(t) - y(t). List the prime factors of c(20).
2, 23
Let g = -12347 + 30780. What are the prime factors of g?
18433
Let p be -64*((-4)/(-10) + 2/20). Let k = p + 47. List the prime factors of (-8112)/(-80) + (-2)/k*3.
101
Let m = 13472 + -9211. What are the prime factors of m?
4261
Suppose h - 2920 + 644 = 4*r, r = h - 2285. Let v = h - 1440. What are the prime factors of v?
2, 53
Let a(v) = 21*v - 4. Let x = 26 - 23. Let t be a(x). Let c = t + -55. What are the prime factors of c?
2
Suppose -208*n + 126 = -206*n. Suppose n*p - 65513 = 14*p. List the prime factors of p.
7, 191
Let t = -563 - -553. What are the prime factors of (2/12*142)/(t/(-810))?
3, 71
Let c = -191 + 196. Suppose 0 = c*w + 4*x - 1810, -3*x = -3*w + 555 + 504. List the prime factors of w.
2, 179
Let v = 103 - 104. Let h be 133/38*v/(7/(-20)). List the prime factors of (-4)/h - -1212*3/15.
2, 11
Let a be (-6)/(-51) + (3564/153)/6. Let g(m) = m + 14. Let k be g(-11). Suppose k*j - a*j = -b + 4, b = -j. List the prime factors of b.
2
Let p(x) = -2*x**2 + 109*x + 114. List the prime factors of p(22).
2, 193
Suppose 0 = -5*o + 2*g - g + 23, 0 = -2*o + 5*g + 23. Suppose o*a - 256 - 972 = 0. What are the prime factors of a?
307
Suppose -o = -4*d + 1220, 4*d + 0*o + 2*o - 1220 = 0. Let q = d + -191. Suppose 0*n = 3*n - q. What are the prime factors of n?
2, 19
Suppose 0 = -5*o - y - 1468, -601 = 2*o - 2*y + 7*y. Let n be (-12)/(-10)*3825/10. Let g = o + n. What are the prime factors of g?
2, 83
Suppose -46 + 7 = -3*p. Let w(v) = 13*v + 97. What are the prime factors of w(p)?
2, 7, 19
Suppose -3*b - 57 - 60 = 0. Let v = b + 111. What are the prime factors of v?
2, 3
Suppose -21*i = -23*i + 18. Suppose 0 = -5*u - p + 716, -i = -4*p - 25. List the prime factors of u.
2, 3
Let f(y) be the third derivative of -3/2*y**3 + 0 + 17/15*y**5 - 1/4*y**4 + 0*y - 33*y**2. List the prime factors of f(-2).
5, 11
Let i be 16*-1*(7/2)/7. Let r(t) = t**3 + 12*t**2 - 12*t - 16. List the prime factors of r(i).
2, 3, 7
Let x be -3*(-8)/(-12) - -5. Let m be 2/(x + (-3 - -1)). Suppose -5*k + m*y + 15 = 0, -2*y = -k - 6*y + 25. List the prime factors of k.
5
Let g(y) = -341*y - 77. Let t be g(13). List the prime factors of t/(-70) + (-4)/(-7).
5, 13
Suppose 0 = -4*a - 5*x + 70, 4*x + 37 = -a + 4*a. Let l(o) = 99*o - 266. What are the prime factors of l(a)?
23, 53
Let m(o) = o**3 - 7*o**2 + 3*o - 7. Let r be m(7). Suppose -c = s - 11 - r, 5*s = 3*c + 165. What are the prime factors of (-422)/(-4)*1 - (-45)/s?
107
Suppose 20*w - 215639 + 60519 = 0. What are the prime factors of w?
2, 7, 277
Let r(p) = 390*p + 1965. List the prime factors of r(37).
3, 5, 1093
Let k = 131321 - 75609. List the prime factors of k.
2, 1741
Let m be ((2646/4)/9)/((-3)/(-6)). Suppose -i = 3*u - 66, i + u - m = -i. List the prime factors of i.
3, 5
Suppose -7*h = -20*h + 10491. Let u = h + -134. List the prime factors of u.
673
Suppose 9811 = g - 2*x, 2*g - 4*g + 2*x = -19624. What are the prime factors of g?
3, 3271
Let l = 1625 - 3195. Let x = -635 - l. List the prime factors of x.
5, 11, 17
Suppose 115884 = 16*z + 10*z - 42716. What are the prime factors of z?
2, 5, 61
Let h(v) = -108*v + 11. Suppose 7 = -11*j - 15. What are the prime factors of h(j)?
227
Let y be (50/(-5))/((10/(-4))/1). What are the prime factors of -5 + (288 - (-6 - (y - 9)))?
2, 71
Suppose 672*i = 851*i - 4195223. What are the prime factors of i?
23, 1019
Suppose -88*q + 34851 - 5959 + 35612 = 0. List the prime factors of q.
733
Let y = 57 + -57. Let l = 5 - y. Suppose 0 = -l*z + u + 339, -z + u = 3*z - 272. What are the prime factors of z?
67
Let j(y) = 3*y**2 + 15*y + 26. Let z be j(-5). Suppose 0 = 6*c - z*c + 1740. What are the prime factors of c?
3, 29
Let q(o) = -425*o - 135. Let l be q(-13). Suppose 3*f = 6, 3*a + 8*f = 7*f + l. List the prime factors of a.
2, 449
Suppose 0 = 2*k + 5*l - 763, 0 = -5*k - l + 168 + 1728. Let s = k - -502. What are the prime factors of s?
881
Let q be (7 - 14)*(-36)/21. List the prime factors of (-407)/66*-115 - 2/q.
709
Let n = -49 + 235. Suppose 4*t + 4290 = -n. List the prime factors of 1/5 + (-3 - t/5).
13, 17
Suppose 402930 = 59*o + 12*o + 28*o. List the prime factors of o.
2, 5, 11, 37
Let z be ((-87)/(-12))/(3/(-60)*-5). Suppose 9 = -5*r + z, 2420 = 5*i + 5*r. List the prime factors of i.
2, 3, 5
Let w(q) = q**3 + q**2 - 2*q + 2. Let y be w(-3). Let s be (-5)/(-25) - (-32)/y. List the prime factors of (-448)/(-3 + -1) + s + -2.
107
Suppose 0*w = -4*x - 3*w + 77, -26 = -2*x - 4*w. Let g = x + -7. Let d = g + 22. List the prime factors of d.
2, 19
Let c = 22 - 30. Let p be (c + 6)*2/8*64. What are the prime factors of (1 + 0 + -30)*(p + 31)?
29
Suppose 2402127 = 196*p - 49*p. What are the prime factors of p?
3, 13, 419
Let j(z) = 7*z**2 + z + 2. Let c(w) = w**3 + 8*w**2 - 22*w - 18. Let t(h) = h**3 + 10*h**2 - 10. Let p be t(-10). Let o be c(p). List the prime factors of j(o).
2
Suppose -3*i = 5*h - 64, 5*i = i - 5*h + 82. Suppose 4*m + 0*c - i = -5*c, 0 = -m - 3*c + 8. Suppose -207 + 5 = -m*v. List the prime factors of v.
101
Suppose 0 = -9*n - 0*n - 405. Let q = n + -52. Let b = 235 + q. What are the prime factors of b?
2, 3, 23
Let g = -17 + 22. Suppose 4*r = -0*o - g*o - 24, -o = 4. List the prime factors of (r - 10)*(8 + -6)*-2.
2, 11
Suppose -9*k - 3*l = -6*k - 465, -5*k + l = -745. Let g = k - -828. List the prime factors of g.
2, 3, 163
Let g(a) = -a**3 + 33*a**2 + 58*a - 137. What are the prime factors of g(25)?
59, 107
Let d be (-9)/((-18)/10)*1. Suppose d*m - 1392 = 2*m. List the prime factors of m.
2, 29
Suppose -16*d + 90712 = -91784. What are the prime factors of d?
2, 3, 1901
Suppose 92542 = 9*g + 14602. What are the prime factors of g?
2, 5, 433
Let r = -1975 + 6252. List the prime factors of r.
7, 13, 47
Let m(q) = 527*q**2 - 162*q - 1712. What are the prime factors of m(-11)?
3, 41, 173
Let q(x) = x**2 + 11*x + 23. Suppose -3*z + 7*z = 4. Let w be 4 + (z - (-34)/(-2)). What are the prime factors of q(w)?
5, 7
Let g(j) = 461*j**3 + 4*j**2 - 18*j - 103. List the prime factors of g(5).
2, 19, 757
Let m(j) = -505*j - 8398. What are the prime factors of m(-32)?
2, 3881
Let p(r) = 14*r**2 - 17*r + 134. Let g(l) = -5*l + 72. Let q be g(13). List the prime factors of p(q).
701
Suppose -2*y = 8, 0 = -w - 3*y + 22 + 638. Suppose 3*n - i - w = 2*i, 3*n + 5*i = 704. List the prime factors of n.
2, 3, 19
Let h(d) = 259*d + 134. Let g(k) = 4*k. Let n(y) = g(y) - h(y). What are the prime factors of n(-3)?
631
Let z(r) = -146*r + 6187. List the prime factors of z(-36).
11443
What are the prime factors of 11 - (-31109 + (-21 - -8))?
163, 191
Let g = 236 + -1. Suppose 0 = -2*o - 4*j + g + 113, 172 = o + j. What are the prime factors of o?
2, 5, 17
Suppose 5*d = -110 + 145. Suppose -3024 = 3*y - d*y + 5*f, 735 = y + 4*f. List the prime factors of y.
751
Suppose -s - 12*f + 1704 = -13*f, 5*f - 6861 = -4*s. List the prime factors of s.
1709
Let w = -65 + 78. What are the prime factors of w/((-273)/(-900)) - (-1)/7?
43
Suppose -d - 5*f = 3*d - 27440, 4*d + 2*f - 27440 = 0. List the prime factors of d.
2, 5, 7
What are the prime factors of (5 + 3*(-6687)/18)/(2/(-16))?
2, 7, 317
Let c(d) = -11*d**3 - 3*d + 2. Let x be c(1). Let l(n) = -n**2 + 8*n - 8. Let p(z) = 1. Let a(w) = -l(w) + 2*p(w). List the prime factors of a(x).
2, 5
What are the prime factors of -4 - (-7 - (27596 - (-3 - 0) - 1))?
7, 3943
Let r = 170803 - 110955. What are the prime factors of r?
2, 7481
Suppose -d + 180 = 6*x - 2*x, 3*x - 4*d = 154. Let o = x - 36. Suppose -3*g + 0*i = 2*i - 56, 2*i + o = 0. List the prime factors of g.
2, 11
Let d(a) = -409*a - 2. Let c be d(2). Let b = c + 1731. What are the prime factors of b?
911
Let b be 6/3 - (1 + -5 - -2). Suppose 2*i - i = -b*n + 22, -2*i + n + 44 = 0. Let a = i + 57. What are the prime factors of a?
79
Let a be (25/15)/(2/6). Suppose 570 = r + a*r. What are the prime factors of 0/(-10) - r*-1?
5, 19
Let f(m) = 11*m**2 - 6*m - 66. Let z(g) = -5*g - 44. Let p be z(-7). What are the prime factors of f(p)?
3, 293